 - -2 - (c - 167). Let h = x + -98. Is h a prime number?
False
Suppose -141861 = -43*w + 112828. Is w a composite number?
False
Suppose -59510 = -16*f - 6*f. Is f a prime number?
False
Suppose 0 = 7*r - 3*n - 590527, r - 168722 = -r + 5*n. Is r a composite number?
True
Suppose 5*r - 5*o - 15 = 0, r - o = 3*r - 6. Suppose 3 = -4*v - 0*h + r*h, 0 = 4*h - 20. Suppose v*n - 503 = 934. Is n composite?
False
Suppose 15*s + 170 = 17*s. Is s composite?
True
Let z(j) = -15*j**3 - 25*j**2 - 11*j + 28. Is z(-11) a prime number?
False
Suppose y = 5*t + 2*y - 15, 3*y + 19 = t. Suppose -253*h - 4158 = -267*h. Suppose -t*s + 1627 = -h. Is s prime?
False
Suppose 4*b - 6 - 6 = 0. Suppose 0*i + b*i = -273. Is 14/i + (-4305)/(-13) prime?
True
Let t = -20 - -22. Suppose t*u + 2*u = 636. Is u prime?
False
Let h = 5626 - 2368. Suppose -h = -5*r - 183. Suppose 3*c - 6*c + r = 0. Is c a composite number?
True
Let k = -753 + 3070. Is k prime?
False
Suppose 4*u = 3*p - 4*p + 682, -3*u = 3*p - 2001. Suppose -28*z - p = -30*z. Is z a prime number?
True
Let n = 6371 - 3208. Is n prime?
True
Let a be 7/14*-4 + 21*13. Suppose -a = -3*x - t, -8 + 97 = x + t. Is x prime?
False
Let p(w) be the third derivative of -w**5/60 + 3*w**4/4 + 23*w**3/3 - 27*w**2. Is p(18) a composite number?
True
Let j(v) = v**3 + v - 4. Let w be j(2). Let y(a) = -a**3 - 2*a**2 + 9*a - 5. Let g be y(w). Let n = -36 - g. Is n a composite number?
True
Suppose -2843 + 10113 = 2*p. Is p a composite number?
True
Let b be ((-35)/(-10) - 3)/((-1)/10884). Is -2*(-1)/(-6) + b/(-18) composite?
True
Suppose 4*y = -4*s, y = 2*s + s + 4. Is 1*10871/(-14)*(-1 + s) composite?
False
Let b = 824 + -1475. Suppose 3*k + 1052 = 4*k. Let z = b + k. Is z a composite number?
False
Suppose t - 385 = -135. Suppose t = -7*x + 1671. Is x composite?
True
Suppose -9*p + 160 = -8*p - m, -p + 156 = 3*m. Is p composite?
True
Suppose -12646 = -5*f + 4*x - 4209, -4*f + 4*x + 6752 = 0. Is f composite?
True
Let o(n) be the second derivative of 133*n**4/12 + n**3/6 - n**2 - 5*n. Let y be o(4). Is y/22 + (-14)/(-77) composite?
False
Let o(n) = 64*n**3 - n**2 + 13*n - 29. Is o(5) composite?
False
Let i be (5 - 2) + 823 + 8/2. Let f = -12 + 19. Is (i/(-6))/(f/(-21)) composite?
True
Suppose -4*d + 3*d - 5*q + 20 = 0, q - 4 = 0. Let v be d + 0/(-1) - -2. Is ((-4)/16)/(v/(-1016)) a prime number?
True
Let z = 3459 - -2060. Is z a composite number?
False
Let f = -127 - -224. Is f prime?
True
Let c(x) be the third derivative of 22*x**4/3 + x**3/3 + 2*x**2. Let j be c(-1). Let o = 337 + j. Is o a composite number?
False
Let d(y) = 77*y**2 + 32*y + 57. Is d(-8) a composite number?
False
Suppose 10*l - 30 = 4*l. Is (2 - l) + (3*14)/1 composite?
True
Let f(n) = 17*n**3 + 2*n**2 + 2*n + 1. Let a(k) = -16*k**3 - k**2 - k - 2. Let w(s) = 3*a(s) + 2*f(s). Let d be w(-3). Is -1 + 0 + d + 0 a prime number?
True
Let v(s) = 51*s**3 - 16*s**2 - 14*s + 8. Is v(7) prime?
True
Let f be (-43)/((0 - 1)/11). Suppose o = -5*v + 60, -5*o - 2*v + f = 150. Suppose j + 0*j = o. Is j a prime number?
False
Let i be (-80)/(-15) + (-1)/3. Suppose -2*t + 0*t - i*m = 1874, 2*t - 3*m + 1874 = 0. Let k = t - -1604. Is k prime?
False
Is 3899610/1092 - 1/14 prime?
True
Let b(a) = 488*a - 21. Is b(10) a composite number?
True
Let g = -3092 + 32985. Is g a composite number?
True
Suppose 0 = -3*j - 12, -2 + 0 = 2*b - j. Let y(h) = -h. Let q be y(b). Suppose 23 = o - q*d - d, 0 = d. Is o composite?
False
Let l(j) = j**2 + 15*j + 19. Let y = 4 - 19. Is l(y) a prime number?
True
Let o = -977 + 3264. Is o a prime number?
True
Let t(c) = 86*c + 18. Let x be t(-10). Let l = -45 - x. Is l a prime number?
True
Let a = 7409 + -3982. Is a composite?
True
Let g(p) = 148*p**2 - p - 9. Let c be g(5). Suppose 0 = -6*f + 1096 + c. Is f a composite number?
False
Let h be (2/1 + 932)*(2 - 3). Let v = 3251 + h. Is v prime?
False
Let i = 18 - 39. Let v be 35/(-2)*72/i. Suppose -s + 647 - v = 0. Is s a composite number?
False
Let t(j) = -10*j + 12. Let v = 20 + -14. Let h be t(v). Let d = h - -94. Is d composite?
True
Suppose 3*m = 3*z - 6741, -4*z + 3*m + 9000 = 2*m. Is z prime?
True
Let g(u) = 11*u**2 + 17*u + 209. Is g(-27) composite?
True
Let s be (-85 - (2 + -4))*-1. Suppose 4*o - s = -3*f - 2361, 763 = -f - 5*o. Let d = -535 - f. Is d composite?
False
Let k be 8 - 9/(27/12) - 6. Is 4 + (-3*1)/(k/2106) a prime number?
True
Let y(h) = -219*h - 8. Is y(-5) a prime number?
True
Suppose 0 = 10*y - 3*y - 11186. Suppose 15*u = 17*u - y. Is u composite?
True
Suppose -6 = -3*a, 8*v - 79680 = 4*v + 2*a. Is v a prime number?
False
Let d(v) = 81*v**3 - 4*v**2 + 3*v - 7. Is d(3) a prime number?
True
Is -21*(-5)/(-15) - -16656 composite?
False
Let u be ((-10)/(-4))/(2/4). Suppose 2*d - 2*q = 1940, -d - 2*d + 2916 = -u*q. Is d a composite number?
False
Suppose 0*d - 2*d - 15 = -3*b, 4*d = -b + 5. Suppose -4*z + d*z = -1304. Is z prime?
False
Let x(h) = -1 - 3 - 32*h + 0 - 3. Let j(n) = n. Let b(k) = 6*j(k) + x(k). Is b(-10) prime?
False
Let o(v) = 2*v**2 - 9*v + 4. Let r be o(7). Let w be (5 + -4 + 3)/((-2)/(-139)). Let t = w + r. Is t prime?
True
Let v = 8 + -12. Let a be v/12*6/(-2). Let u(c) = 162*c**3 - 2*c**2 + 2*c - 1. Is u(a) a composite number?
True
Suppose -24*r + 20*r = -45532. Is r a prime number?
True
Let p(t) be the first derivative of 3*t**4 + 5*t**3/3 - t + 13. Is p(2) a composite number?
True
Let f(l) = l**3 + 41*l**2 + 3*l + 52. Is f(-25) composite?
True
Is (34/(-6))/((0 - 2)/534) composite?
True
Is (3086/10)/(39/195) a prime number?
True
Let m(w) = -5*w**3 + 2*w**2 - 6*w - 12. Let r be m(-8). Let a = r + -1259. Is a prime?
False
Suppose 5*y + 9737 = 3*b - 29786, 4 = -2*y. Is b prime?
True
Let t = 2344 - 1575. Is t a prime number?
True
Let h(b) = -b + 4. Let r be h(-4). Let n(t) = 2*t**2 - t + 2. Is n(r) composite?
True
Is (-28)/((-700)/144315) - 2/(-5) composite?
True
Suppose -7*t + 8*t - 5 = 0. Suppose -2 = -t*x + 4*x. Is (-3)/x*(-190)/15 composite?
False
Let m(n) = -5*n + 2. Let b be m(-3). Suppose -b*c + 235 = -16*c. Suppose -5*j + 540 = 5*i, 3*j + 183 = 4*i - c. Is i a composite number?
True
Let h = 30 + -32. Let r = 40 + h. Is r a composite number?
True
Let g = 562 + 988. Suppose 6*l - l = -3*k + g, -911 = -3*l + 2*k. Is l composite?
False
Suppose 0 = -53*v + 49*v + 194524. Is v a prime number?
False
Suppose 2*t - 164 = -2*t. Let j = 228 - t. Is j composite?
True
Let c = 6650 - 3861. Is c composite?
False
Let f = -2 - -2. Suppose f = -9*w + 7*w + 4. Suppose 3*g + 5*i - 30 - w = 0, 80 = 5*g - 5*i. Is g a composite number?
True
Suppose c - l - 12 = 0, -5*c + 3*l + l + 55 = 0. Suppose -c*b + 1512 = 77. Is b a composite number?
True
Is (3 - (-5855)/(-10))*-2 a prime number?
False
Let v be (-36)/(-30)*1*5. Let x(m) = 6*m**3 + 2*m**2 + 2*m + 11. Is x(v) a composite number?
True
Suppose -4*s + 1068 = 3*c, -5*s - c + 1332 = 2*c. Suppose 4*t + 354 = -2*n - 0*n, -2*n - 3*t - 359 = 0. Let u = s + n. Is u composite?
True
Let m be ((1 + -5)/(-16))/((-1)/(-4)). Suppose f + m = 0, 3*k - k - 2815 = -3*f. Is k composite?
False
Let c(g) = -g**3 + 6*g**2 - 3*g - 2. Let o be c(5). Suppose -2*q - 8 = 4*j, 4*q = 4*j - o*j - 12. Is (16 - -94) + j + -3 a prime number?
False
Let c(d) = d**2 + d - 4. Let n be c(0). Let p be n/6 + (-4)/(-6). Suppose l + p*l = 233. Is l a composite number?
False
Let n(r) be the second derivative of 97*r**4/12 - 5*r**3/6 + 11*r**2/2 - r. Is n(5) a prime number?
True
Suppose 0 = -t - 18*o + 22*o + 21659, 5*t = o + 108238. Is t a composite number?
False
Let a be 0*(-1)/4*-4. Suppose a*h + h = -26. Is (-13539)/(-39) + 4/h composite?
False
Let z(q) be the third derivative of q**5/60 + q**4/24 + 119*q**3/6 - 43*q**2. Is z(0) prime?
False
Suppose 2*n - 1 = 9. Let v(k) = 12*k**2 - k - 3. Let o be v(n). Suppose -w - 3*m + o = 0, 0 = -5*w - 2*m + 3*m + 1540. Is w a prime number?
True
Let y(w) = -w**3 + 13*w**2 - 13*w + 12. Let o = 3 + 9. Let x be y(o). Suppose 4*n + j - 1073 = x, -n = -j - 4*j - 284. Is n a composite number?
False
Let y(q) = -16*q**3 + 2*q**2 - q - 2. Suppose 15 = -4*f + 3. Is y(f) prime?
False
Suppose 2*p - 3*k - 23129 = 0, -2*p + 9011 = -4*k - 14123. Suppose -10*y + 3*y + p = 0. Is y a prime number?
False
Let q(f) = 27 + 7*f - 61 + 12*f**2 + 29 - f**3. Let l = 28 - 16.